- 1031 + 4*i + 4*i**3 + 1030. Give h(-4).
-1
Suppose 4*n + 16 = -l - l, -5*l = n + 22. Let x(a) be the second derivative of a**5/10 + a**4/4 + a**3/6 + a**2 + 221*a. Give x(n).
-4
Let u(q) = -5*q**2 - 4*q + 9. Let y(s) = 14*s**2 + 13*s - 26. Let a(p) = -17*u(p) - 6*y(p). Let k(l) = -8*l**3 + 3*l**2 + 9*l + 8. Let j be k(-1). Give a(j).
3
Let x be ((-21)/(-14))/(3/2). Suppose 0 = -4*d - 3*k - x, -1 = -k - 0*k. Let f(y) = 3*y**2. Calculate f(d).
3
Let m(a) = 16*a**3 + 2*a**2 + 4*a + 2. Let b be (19 - 10)*3/(-27). Give m(b).
-16
Suppose 24*u - 12 = 20*u. Let l(g) = -3 + 28 - 9*g + 10*g - u. Determine l(0).
22
Let i = -15 - -13. Let c(g) = 22*g**2 - 14*g**2 - 10*g**2 - 2*g + 1. Give c(i).
-3
Let m be ((-50)/(-6))/((-14)/(-126)*3). Let f(o) = o**3 - 25*o**2 + o - 19. Determine f(m).
6
Suppose 0 = -z - 5*o - 21, z + 6*o - 11 = -37. Let n(l) = -l**2 + 6*l - 2. Calculate n(z).
6
Let g(x) be the first derivative of 2*x + 6 - 1/2*x**2 + 1/3*x**3. Give g(-2).
8
Let z = 696 + -702. Let v(g) = -3*g - 21. Calculate v(z).
-3
Let z be (-3)/6*22 + 1. Let n = z + 4. Let h(i) = -2*i**3 - 21*i**2 - 4*i + 7. Let s(p) = p**3 + 10*p**2 + 2*p - 3. Let t(c) = -4*h(c) - 9*s(c). What is t(n)?
11
Let c(r) = -6*r**2 + 8*r - 12. Let v be c(4). Let l = v - -82. Let j(d) = -2*d - 6. What is j(l)?
-18
Let g(t) = -4*t + 1. Let i(f) = -9*f**2 + 4*f - 9. Let a be i(3). Let r = 80 + a. Determine g(r).
-7
Suppose -2*d = -2 - 16. Suppose -16 = d*u - 5*u. Let q be 2 + -2 - (5 + u). Let p(k) = 4*k**2 - k. Give p(q).
5
Let p = -333 + 343. Let k(c) = c - 17. Determine k(p).
-7
Let b(l) = l**2 - 3*l - 10. Suppose 0 = -5*z + 49*z - 308. Give b(z).
18
Let c(z) be the second derivative of z**4/12 + 2*z**3/3 - 3*z**2/2 - 12*z + 7. Give c(3).
18
Let m(b) = -3*b**2 - 2*b. Suppose 0 = q + 3*i - 10, 0 = 2*q + q + 5*i - 18. What is m(q)?
-5
Let j be (-16)/(-3) + (-70)/30. Let t(w) be the first derivative of 5/2*w**2 - w + 1/3*w**j - 1. What is t(-5)?
-1
Let v(z) = 2*z + 7. Let a be v(-5). Let l(i) be the first derivative of -12 - 1/3*i**3 - 1/2*i**2 + 2*i. Calculate l(a).
-4
Let v(s) be the second derivative of 0*s**2 + 0 + 32*s + 1/6*s**3. Suppose 1 = -a - 3. Determine v(a).
-4
Let p(h) = h**2 + 2*h - 5. Suppose -5*t + 126*n = 130*n + 15, 0 = -5*t + 2*n - 15. Give p(t).
-2
Let p be 10 + -20 - (-6 - 4). Let g(c) = -c**3 - c**2 + c + 4. Give g(p).
4
Let m(r) = r**2 + 3*r - 4. Let d = -66 + 73. Suppose 0 = -2*x - 3 - d. Give m(x).
6
Let y(x) = x**2 - 60*x + 501. Let g be y(50). Let v(b) be the first derivative of 1 + 0*b**2 + 1/3*b**3 - b + 9/4*b**4. Give v(g).
9
Suppose -6*c - 18 = -8*c. Let x(s) be the first derivative of 1/2*s**2 + 1 + c*s. Give x(-5).
4
Suppose 28 = -4*j - 0*j. Suppose -5*k - 4 = -39. Let s(c) = -5*c + 11. Let w(m) = -6*m + 12. Let t(a) = k*s(a) - 6*w(a). Calculate t(j).
-2
Let m(c) = c - 8. Let t be m(10). Let s(k) = 5*k**2 + k**2 + 0*k**2 + 1 + k - 5*k**t. Give s(-2).
3
Let z(f) = -11*f**3 + 11*f**2 + 4*f + 8. Let q(h) = 2*h**3 - h**2 - h. Let y(w) = -5*q(w) - z(w). Give y(6).
-2
Let h(w) = 10*w**2 + 27*w - 16. Let y(q) = 11*q**2 + 30*q - 17. Let u(x) = -7*h(x) + 6*y(x). Give u(-3).
1
Suppose -8*c = -3*c. Let t(w) = -w**3 + w**2 + 3*w + 6. Let i(p) = -p**3 + p + 1. Let a be (-2)/6 - 65/39. Let j(k) = a*i(k) + t(k). Determine j(c).
4
Suppose k - 20 + 15 = 0. Suppose -3*z + 0*z = 3*n - 9, -k*z - 2*n + 18 = 0. Let v(b) = 4*b - z - 2*b - 10*b + b**2 + 7. Calculate v(4).
-13
Let x be (-9)/((2/(-4))/((-4)/(-8))). Let y(l) = -l**2 + 9*l - 7. What is y(x)?
-7
Let t(h) = h**3 - 2*h**2 - 13*h + 22. Let j be t(4). Let x(w) be the first derivative of -1/4*w**4 - w**j + 4*w + 4/3*w**3 - 2. Calculate x(3).
7
Let b(n) be the first derivative of n**3/3 - 2*n**2 - 7*n + 1. Let c(y) = 2*y**2 - 16*y - 204. Let r be c(-7). Determine b(r).
5
Suppose 2 = 3*l - 2*v, -4*l - v = -3*v - 6. Let h(n) = n - 5. Let g be h(l). Let b(p) be the first derivative of -p**2/2 - p - 38. Calculate b(g).
0
Let z(p) = -3*p**2 + p + 1. Suppose 12 = 2*d + 3*d - 3*v, 0 = 4*d - v - 11. Suppose -d*c = -8*c. Suppose j + 1 = -c. Give z(j).
-3
Let l = 47 + -20. Let v be (-6)/l - 38/(-9). Suppose v*b = -4*y + 8, 2*b - 4*b = -8. Let n(f) = -2*f**3 - 3*f**2 - 2*f - 3. Calculate n(y).
5
Let w(g) = -3*g - 9. Let n(f) be the second derivative of -f**3/3 - 9*f**2/2 + 24*f + 1. Let h(o) = 5*n(o) - 4*w(o). Let c be 1*(-1 + -1)*-3. What is h(c)?
3
Let x(r) = r**3 - 4*r**2 - 6*r + 5. Suppose l = -f + 6, 0 = -f + 7*l - 5*l + 3. Give x(f).
0
Let a(f) be the first derivative of f**3/3 + 8*f + 69. Determine a(0).
8
Let s(c) be the second derivative of -c**5/2 + c**4/4 - c**2 + 163*c. Calculate s(1).
-9
Suppose 18 = -3*o + 2*c, -c - 9 = -o - 14. Let i(m) = 4*m + 27. Give i(o).
-5
Let p(l) = l**2 + 12*l + 30. Let i be p(-7). Let u(s) = 14*s - 1. Let j(q) = 5*q. Let m(h) = -17*j(h) + 6*u(h). Give m(i).
-1
Let s = -22 - -28. Let o(b) = -2*b - b**3 - s*b**2 + 40 - 97 + 49. Suppose -j = -3*j - 12. What is o(j)?
4
Let x = -79 + 56. Let o = x - -32. Suppose -n + o = -5*m, -3*n = -2*m + m - 13. Let h(d) = 13*d + 1. Give h(m).
-12
Suppose -31 = 7*r + 4. Let o(c) = 2*c**3 - 3*c**2 - 2*c + 1. Let w(j) = 3*j**3 - 2*j**2 - j + 1. Let n(z) = -4*o(z) + 3*w(z). Give n(r).
-1
Let f be 1*(52/130 - (-6)/10). Let g(c) be the first derivative of -1/2*c**2 + 1/3*c**3 + c + 2. Give g(f).
1
Suppose 478*z - 12 = 475*z. Let c(t) = -t + 8. Calculate c(z).
4
Let g(l) be the second derivative of l**5/20 - l**4/12 - l**3/6 + l**2 + 4*l. Suppose -2*v + 12 = -6*v. Let u be (-6)/9 + (-2)/v. Give g(u).
2
Let w(v) = -v**3 + 4*v**2 + 3*v + 3. Let d(u) = -u - 32. Let n be d(-37). Give w(n).
-7
Let w = -36 - -46. Let x(k) = -7 + w + k + 9. What is x(-7)?
5
Suppose 3*g = -4*s + 10, 0 = -3*g + g + 4*s + 40. Let j = -7 + g. Suppose -f + 20 = j*m, 18 = 2*m + f + 2*f. Let q(o) = -o**2 + 4*o + 8. Calculate q(m).
-4
Let a(q) = q**2 - 6*q + 4. Suppose -4*v + 32 = 4*b, 4*b - 2*v + 37 = 57. Calculate a(b).
4
Suppose 0 = -0*i + 4*i - 72. Let v = i - 15. Let w(f) = -4*f**2 + 13*f - 15*f + f**v + 3*f**2 - 3*f**2 + 3. Calculate w(4).
-5
Let f(j) = -j + 2. Let b(o) = o**3 - o + 4. Let k be b(0). Suppose -w = k*w. Determine f(w).
2
Let o(y) = -3*y - 6. Let p(h) = 2*h + 3. Let s(i) = 3*o(i) + 5*p(i). Let d(w) = w**2 - 11*w - 17. Let l be d(12). Give s(l).
-8
Let h(w) be the second derivative of 0 + 1/20*w**5 - 3*w**2 - 7/6*w**3 + 5/12*w**4 + 11*w. What is h(-6)?
0
Let l(d) = -7*d**3 + 2*d**2 - 5*d + 7. Let h(g) = -89*g**2 - 15 + 15*g**3 + 11*g - 87*g**2 + 171*g**2. Let r(b) = 6*h(b) + 13*l(b). Give r(-3).
-11
Let v(t) be the third derivative of t**4/12 - t**2. Let k be v(-1). Let b(a) be the first derivative of a**4/4 + a**3 + 2*a**2 + 3*a + 1146. What is b(k)?
-1
Suppose -4 = -5*b + 2*v - 20, -5*v = -5*b - 10. Let j(p) = 4*p**2 + 1. Let w(h) = -8*h**2 - 2. Let s(m) = b*w(m) - 9*j(m). Give s(-1).
-5
Let l(r) = -r**2 - r - 13. Let y(t) = -2*t**2 + 11*t - 9. Let u be y(1). Calculate l(u).
-13
Let z(g) = -g + 4. Let f(s) = -1. Let y(x) = 6*f(x) + z(x). Let c(m) = -1. Let w(j) = -4*c(j) - y(j). Determine w(5).
11
Let k = -32 - -35. Let t(i) = 2 - k*i**2 + i**3 + i**2 - 3*i**2 - i. What is t(5)?
-3
Let k(o) = -o**3 - 3*o**2 - 5*o - 2. Let h(f) = 0*f**3 - 7 + 1331*f**2 + f**3 + 20*f - 3 - 1321*f**2. Let j be h(-7). What is k(j)?
13
Let l(s) = 3 + 11 + 9*s - 16*s + 6*s - s. What is l(8)?
-2
Let v(q) = q**2 + 6*q - 12. Let s be v(-8). Let h(f) = f - 4*f + 500 - 496. Determine h(s).
-8
Let q be (-5 - (-434)/70)/(2/5). Let r(p) = -p + 3. Calculate r(q).
0
Let o be -7 + (21/(-63))/((-1)/3). Let t(b) = -5*b - 1. Let k(f) = -6*f - 1. Let x(u) = -4*k(u) + 5*t(u). Determine x(o).
5
Let m(j) = 4*j - 4 + 4*j - 4*j. Let t be 4/2*(-1)/(-2) - 5. Give m(t).
-20
Let k(h) = h**2 + 12*h + 4. Suppose -540 = -11*y + 23*y. Let u be 385/(-75) - 6/y. Determine k(u).
-31
Let r(v) = -2*v**3 - 2*v**2 + 1. Suppose 4*h - 3*h = 0. Let q be -4 - 3/(-6)*h. Let g = 3 + q. What is r(g)?
1
Suppose 13 = -4*b - 11. Let j be (-8)/b - 4/(-6). Suppose -3*d + 2*p + 9 = -j*d, 2*d + 17 = -3*p. Let u(r) = r**3. Give u(d).
-1
Suppose 5*g + 33 = 4*p, 5*p = -0*p - g + 5. Suppose p*w - 7*w = -0*w. Let v(u) = u**3 - u**2 + 4. What is v(w)?
4
Let f(x) be the third derivative of -x**6/120 - x**5/4 - 5*x**4/8 - 7*x**3/3 - 537*x**2. Give f(-14)